695406811 a composite number?
False
Is 2001016417 a composite number?
True
Is 5933774173 a prime number?
False
Is 46850911369 a prime number?
False
Is 2491887665 prime?
False
Is 494203331 composite?
True
Is 71447279 a prime number?
False
Is 833593867 a composite number?
False
Is 6240407431 a prime number?
False
Is 910338791 prime?
True
Is 2669655757 prime?
False
Is 9007251182 prime?
False
Is 1561078391 composite?
False
Is 158058679 composite?
False
Is 64020841289 a prime number?
True
Is 149213666179 prime?
True
Is 51047344807 a composite number?
False
Is 1608956093 a prime number?
True
Is 1261894703 a prime number?
True
Is 483711567457 composite?
False
Is 728780537 a prime number?
True
Is 221568773 prime?
False
Is 4981787777 a prime number?
False
Is 165630487247 prime?
True
Is 5686468114 composite?
True
Is 235488442487 a prime number?
True
Is 324106169 a prime number?
True
Is 4132092449 a composite number?
True
Is 1504443677 prime?
False
Is 350223291949 a composite number?
True
Is 19006089682 a prime number?
False
Is 10864697541 composite?
True
Is 1353851335 a composite number?
True
Is 552707521 a composite number?
True
Is 35724263 a composite number?
False
Is 2032015291 a prime number?
True
Is 103338383873 composite?
False
Is 163695307151 a prime number?
True
Is 2192089619 composite?
True
Is 15623029309 a prime number?
False
Is 748610729 a composite number?
False
Is 1426700287 composite?
False
Is 223180171 prime?
True
Is 211400323 prime?
False
Is 9193355641 composite?
False
Is 4496814811 prime?
False
Is 288032099 composite?
True
Is 77116881935 composite?
True
Is 288983473 a composite number?
False
Is 4576090007 composite?
False
Is 3158353057 a prime number?
False
Is 121154543 a prime number?
False
Is 961909153 composite?
True
Is 728891213 a prime number?
True
Is 3911171961 a composite number?
True
Is 290153219 a composite number?
False
Is 1162302337 a prime number?
False
Is 1158929201 prime?
False
Is 163828864805 prime?
False
Is 187858311 a composite number?
True
Is 731485801 a prime number?
False
Is 413268553897 a prime number?
False
Is 3862018093 composite?
False
Is 3297852941 a composite number?
True
Is 19305649 a composite number?
True
Is 4243166363 composite?
False
Is 2340220217 prime?
False
Is 3743490266 prime?
False
Is 63031489 composite?
False
Is 47168891689 a prime number?
True
Is 42825275581 composite?
True
Is 618045113 composite?
True
Is 11711793251 a composite number?
False
Is 510339497 composite?
False
Is 569991631 prime?
False
Is 32552722294 a composite number?
True
Is 5038335961 composite?
False
Is 2672608697 a prime number?
False
Is 132851221 a prime number?
True
Is 7383335123 composite?
False
Is 1040317139 prime?
True
Is 1922098951 prime?
True
Is 7141229597 a prime number?
True
Is 2296810391 composite?
False
Is 60302731 composite?
False
Is 199158085299 composite?
True
Is 23161222753 composite?
False
Is 1773907717 prime?
True
Is 4244439533 composite?
True
Is 8090412833 composite?
False
Is 5202472753 a composite number?
True
Is 4826737397 composite?
False
Is 908036329 a prime number?
False
Is 96298133723 a prime number?
False
Is 18215616883 prime?
True
Is 3561011737 prime?
False
Is 7800324603 a prime number?
False
Is 258375983 composite?
True
Is 68833617037 a composite number?
False
Is 66731763763 a composite number?
True
Is 15478842614 prime?
False
Is 999447767 composite?
True
Is 98600996311 a prime number?
True
Is 40749955501 composite?
True
Is 572982701 a prime number?
False
Is 64113227 composite?
False
Is 2991965486 a prime number?
False
Is 135373163 a composite number?
False
Is 214344451 composite?
True
Is 7064006569 a prime number?
True
Is 20528737319 a composite number?
True
Is 1957367341 composite?
True
Is 16054471913 prime?
True
Is 1416980671 composite?
False
Is 52170259 a composite number?
True
Is 152641467119 composite?
False
Is 217933912621 composite?
False
Is 2086488451 prime?
True
Is 25108616999 composite?
True
Is 5312949349 a prime number?
True
Is 5347538671 a prime number?
False
Is 13673322973 a prime number?
False
Is 341848411 a composite number?
False
Is 5395368101 a composite number?
False
Is 3975826753 a prime number?
True
Is 4321453331 a prime number?
False
Is 839015147 a composite number?
False
Is 12960219131 prime?
False
Is 37596240359 a composite number?
True
Is 7023448589 composite?
True
Is 11104608479 composite?
True
Is 5433486067 composite?
False
Is 46926456611 a composite number?
False
Is 4869999059 prime?
True
Is 10256578151 a prime number?
True
Is 6644555003 composite?
True
Is 81653005279 prime?
True
Is 124139193757 composite?
True
Is 94566451061 a prime number?
True
Is 5262329537 a composite number?
False
Is 17219276147 composite?
True
Is 14910375211 composite?
False
Is 615635561 prime?
False
Is 1406701691 a composite number?
True
Is 689708641 composite?
False
Is 78493741 composite?
False
Is 4791417193 composite?
True
Is 3728141 a composite number?
False
Is 169590583 prime?
False
Is 66190276547 a composite number?
False
Is 15840537071 a composite number?
False
Is 6132521651 a composite number?
False
Is 2876157517 composite?
True
Is 625275577 prime?
True
Is 29322163837 a prime number?
False
Is 8269042489 a composite number?
True
Is 36061580095 a composite number?
True
Is 2244878539 composite?
True
Is 674440483 a composite number?
False
Is 295252337 composite?
True
Is 12428114977 a prime number?
True
Is 65417157503 a prime number?
True
Is 1320345703 composite?
True
Is 31880246789 composite?
False
Is 536942551 a prime number?
False
Is 1183260178 a composite number?
True
Is 95663632111 prime?
True
Is 253742943581 a prime number?
True
Is 1768532039 prime?
True
Is 36845589661 a prime number?
False
Is 2090064853 composite?
True
Is 36235293701 prime?
False
Is 74036490509 a prime number?
False
Is 10967366923 composite?
False
Is 402282971 prime?
False
Is 1398634841 prime?
True
Is 1256619921 composite?
True
Is 289208299 composite?
False
Is 984196009 a prime number?
True
Is 1306327877 a prime number?
False
Is 5286358451 a composite number?
True
Is 27459964771 prime?
True
Is 12300913561 a prime number?
True
Is 923574101 a prime number?
False
Is 6195634313 a composite number?
True
Is 851230691 prime?
False
Is 30908804461 composite?
True
Is 1434765197 a composite number?
False
Is 83614705961 a composite number?
False
Is 545138257 composite?
True
Is 370949341 a prime number?
False
Is 7988741 a composite number?
False
Is 2444730281 a composite number?
True
Is 13921913549 composite?
False
Is 1682200259 a prime number?
False
Is 149971236059 a composite number?
True
Is 5323016747 composite?
False
Is 3132695771 composite?
True
Is 838936907 prime?
False
Is 73601281819 composite?
True
Is 258222443 a composite number?
True
Is 17862270407 a composite number?
True
Is 7300031341 composite?
True
Is 2245384291 prime?
True
Is 6227641633 a composite number?
False
Is 17601085861 prime?
False
Is 581301415 prime?
False
Is 1336555267 a composite number?
False
Is 7995395071 a prime number?
False
Is 5979979301 a composite number?
False
Is 4217695093 composite?
False
Is 1293598573 prime?
False
Is 326170001 prime?
False
Is 2079181879 a prime number?
False
Is 7469066963 prime?
True
Is 37479867563 prime?
True
Is 413427407 prime?
True
Is 392731403 prime?
True
Is 1806216967 composite?
False
Is 1406892041 prime?
False
Is 2107920799 composite?
False
Is 71816469427 prime?
True
Is 1833335689 a prime number?
True
Is 4585277 a composite number?
True
Is 1686051767 prime?
True
Is 18869623 a prime number?
True
Is 12415841129 a prime number?
True
Is 279986669 prime?
True
Is 1954079093 a composite number?
True
Is 3250656767 prime?
False
Is 42876338543 a prime number?
False
Is 40792578755 a prime number?
False
Is 4459805671 prime?
True
Is 160912000439 a prime number?
False
Is 2533235423 a composite number?
False
Is 2111136011 composite?
True
Is 27982417445 a composite number?
True
Is 2959757121 a prime number?
False
Is 3065665481 a composite number?
False
Is 62888144843 composite?
False
Is 3021440441 a composite number?
True
Is 103350963377 a composite number?
False
Is 18636681991 a prime number?
False
Is 3321327914 prime?
False
Is 638305859 a prime number?
False
Is 386754749 prime?
False
Is 28130159521 a composite number?
False
Is 11924237291 a 